uppose -3*a - j = q - 3, 3*a + 25 = 4*q. Suppose 4*m + 67 = 3*w - m, 3*m = -q*w + 99. What is the tens digit of w?
2
Let j(f) be the third derivative of -f**6/120 - f**5/15 - f**4/8 + 2*f**3/3 + 12*f**2. What is the units digit of j(-5)?
4
Suppose -5*b + 2*w = -2736, -3*b + 5*w - w + 1636 = 0. Suppose -7*u = -11*u + b. What is the tens digit of u?
3
Let h(i) = -4*i**3 - 2*i**2 + 1. Let w be h(-1). Suppose -w*s - 7 + 22 = 0. Suppose 2*r - 4*r = -s*p - 40, -4*r - p + 80 = 0. What is the units digit of r?
0
Suppose -2*u - 4*f - 16 = 0, 4*u - 2*f + 17 + 15 = 0. Let i(h) = -7*h + 5. Let t be i(5). Let n = u - t. What is the units digit of n?
2
Let m be 4*((-3)/(-3))/2. Suppose 0 = m*k + 45 - 5. Let v = k - -28. What is the units digit of v?
8
Let f(c) = -c**3 + 28*c**2 + 35*c - 33. What is the units digit of f(28)?
7
What is the units digit of (1 + 18)/(330/82 + -4)?
9
Let p(f) = -2*f + 25. Let q be p(17). What is the units digit of (-938)/q + 2/(-9)?
4
Suppose -5*z + 130 = 20. Suppose -z*a = -26*a + 828. What is the hundreds digit of a?
2
Let b(g) = 20*g**2 - 85*g - 7. What is the tens digit of b(9)?
4
Let x(g) be the third derivative of g**5/120 + 17*g**4/12 + g**3/3 - 4*g**2. Let z(r) be the first derivative of x(r). What is the tens digit of z(-14)?
2
Suppose -19*s = -21*s + 176. Suppose -39 = -2*q - 143. Let l = q + s. What is the units digit of l?
6
Let v = -35 - -55. Suppose -4*j + v = -0*j. Suppose -j*g + f = -72, -4*g = g - 4*f - 63. What is the units digit of g?
5
Suppose 29870 = 65*q - 48520. What is the hundreds digit of q?
2
Let b = 35 - 15. Let p = b + -17. Suppose 0*v + 84 = p*v. What is the units digit of v?
8
Let l(k) = k**2 + 119*k + 56. What is the units digit of l(31)?
6
Suppose -6*n - 13 = -4*o - n, 5*n + 11 = 3*o. What is the tens digit of (-1)/(15/(-1210)) - o/3?
8
Let s be (-2 - (-3 + -53)) + -1. Suppose 2*h + s = 215. Suppose 4*z + 13 = h. What is the units digit of z?
7
Suppose 0 = -2*u + 11 - 29. What is the units digit of (-22)/99 - 344/u?
8
Let w(j) = 2*j**3 - 6*j**2 + 5*j + 12. Let o be w(5). Let g = o + -73. What is the units digit of g?
4
Let s(g) = 9*g - 2. Let q(h) = -10*h + 3. Let t(x) = -7*q(x) - 6*s(x). What is the units digit of t(8)?
9
Suppose 0 = -t + 1 + 2. Suppose -87 = -t*p - 0*p. What is the tens digit of -3 + 0 + 0 + p?
2
Let g(t) = -t - 1. Let d(k) = 6*k - 14. Let x(w) = d(w) - 5*g(w). What is the tens digit of x(3)?
2
Let c be 4/(-10) - (-5)/(50/44). Suppose -71 = -c*k + 449. What is the hundreds digit of k?
1
Let f(q) = q**3 + q**2 + 4. Let a be f(0). Suppose -a*o - o + 25 = 0. Suppose 5*m - 2*d - 100 = -o, -2*m + 29 = d. What is the units digit of m?
7
Let b(r) = 13*r**3. Let o be b(2). Let s be 8856/o + 2/(-13). What is the units digit of s*(1 - 3/5)?
4
Suppose -5*m = f - 274 - 172, 2*m = -f + 437. What is the units digit of f?
1
Let b = -588 + 1034. What is the units digit of b?
6
Suppose 7004 = 55*t - 38*t. What is the units digit of t?
2
Let n = -201 + 291. Let m be 2/(-5) + 4/10. Suppose m = -2*d - d + n. What is the tens digit of d?
3
Suppose 0 = 5*y + 4*a + 27, y - 5*a - 3 = -3*y. Let u be 0/(3 + 0/y). Suppose -44 = -2*g - u*d + 3*d, 0 = -2*g - 3*d + 56. What is the tens digit of g?
2
Let a = -562 - -1045. What is the units digit of a?
3
Let l be (1 - (-6)/4)*4/5. Suppose -l*z - h = -136, -3*h - 10 + 22 = 0. What is the tens digit of z?
6
Suppose -2*t + 42 = -4*t + 4*w, 5*w + 10 = 0. Let d be 10/t - (-17)/5. Suppose 4*j = d*f + 121, -3*f + 29 = j - 20. What is the units digit of j?
4
Suppose 12*t = 14538 + 39606. What is the thousands digit of t?
4
Let w = 91 - -222. What is the units digit of w?
3
Suppose 1397*b = 1386*b + 62524. What is the units digit of b?
4
Let k(v) = v + 18 + 4 + 2 - 5. What is the tens digit of k(7)?
2
Let b = -1208 + 451. Let o = -494 - b. What is the units digit of o?
3
Let s(x) = -x**3 - 13*x**2 + 13*x - 11. Let w be s(-14). Suppose -w*o = -3*c + c + 1, -3*o - 3*c + 9 = 0. What is the units digit of o?
1
Let q be (1314/(-27))/(8/(-12)). Let k = q - 54. What is the tens digit of k?
1
Suppose 5*c - 7 = -2. What is the tens digit of c*1/(1 - 380/382)?
9
Let c(x) = -x**3 - 6*x**2 - 8*x - 7. Let d be c(-5). Suppose -d = 14*a - 18*a. Suppose -a*f + 96 = 6. What is the units digit of f?
5
Suppose 4*d = 78*n - 76*n - 8592, 0 = 4*n - 5*d - 17199. What is the tens digit of n?
0
Let d(m) = m - 55. What is the units digit of d(79)?
4
Let z(i) = -6*i + 44. Let v(k) = -k + 9. Let t(a) = -16*v(a) + 3*z(a). Let l be t(-6). Suppose l = -2*j + 4*j - 54. What is the units digit of j?
7
Suppose 504 = 2*f - 0. Suppose -5*x + 315 = 3*p, -2*p - p + f = 4*x. What is the units digit of x?
3
Let s = 61 - -150. What is the tens digit of s?
1
Let q = -211 + 139. Let g be -3 + 1 + q/(-3). Suppose 0 = -l + 33 - g. What is the tens digit of l?
1
Let w be (-364)/(-39)*18/(-7). Let a = 5 - w. Let s = 54 - a. What is the units digit of s?
5
Let b = 21 + -31. Let z be 4/b - 606/(-15). Let a = z - 5. What is the units digit of a?
5
Suppose 0 = 9*h - 2934 - 999. What is the units digit of h?
7
Let f = -511 + 140. Let b = f - -577. What is the units digit of b?
6
Let r be (-30)/12 - (-1299)/(-6). Let p = r - -359. What is the tens digit of p?
4
Let h(l) be the third derivative of -l**6/360 + l**5/15 - 5*l**4/12 - l**3 + 5*l**2. Let x(q) be the first derivative of h(q). What is the units digit of x(5)?
5
Let m(u) be the third derivative of 0 - 5/2*u**3 + 0*u - 1/60*u**5 + 3/4*u**4 - 3*u**2. What is the tens digit of m(13)?
5
Suppose -3*r + 0 - 3 = 0. Let k = r + 6. Suppose 12 = w - k*s - 7, -4*s - 8 = w. What is the units digit of w?
4
Let c be 51/9 - 3 - 6/9. Suppose -c*l + 6*l = 236. What is the units digit of l?
9
Let a = 421 + -218. What is the tens digit of a?
0
Let p = -983 - -687. Let n = 490 + p. What is the tens digit of n?
9
Let i(c) = 5*c**2 - 2*c - 232. What is the units digit of i(21)?
1
Suppose 0 = 3*g - 25 + 7. Let x be 2*((-21)/g + 3). What is the units digit of ((-3)/x)/((-33)/(-55))?
5
What is the tens digit of ((-39692)/(-22) - 50/275) + 7?
1
Let b be (-5)/2*((-18)/10 + 1). Suppose b*f = a + 200, 0*f - 4*a = -2*f + 206. What is the units digit of f?
9
Suppose -22*s - 7*s = -50025. What is the thousands digit of s?
1
Let k be (-3)/2*(-74)/((-1)/1). What is the hundreds digit of (k/(-2))/((-6)/(-12))?
1
Let y = 1 + 2. Let a(n) = 0 + 1 - 2*n + 14*n**2 - y. What is the tens digit of a(2)?
5
Suppose 3*t - 8187 = -510. What is the tens digit of t?
5
Suppose 2*v + 2*v + 4*x = 804, -5*v + 5*x + 1045 = 0. What is the tens digit of v?
0
Suppose -12 = 4*s, 0*n + 735 = n + 4*s. What is the tens digit of n?
4
Suppose -5*o = -6 - 4. Let i be (o/4)/(1/6). Suppose 7*r = i*r + 24. What is the units digit of r?
6
Suppose 8*p = 4*p. Suppose 2*s - 2*n + 42 = 130, p = -2*s - 2*n + 76. What is the units digit of s?
1
Suppose -5*w = 2*c - 989, c - 2*w - 499 = -3*w. Suppose -4*i + 74 = -c. Suppose 2*l = -0*l - 2*n + 150, i = 2*l - n. What is the units digit of l?
3
Let d(a) = 7*a. Suppose 0 = -12*o + 11*o + 1. What is the units digit of d(o)?
7
Let k(c) = 11*c + 33. Let v(m) = -6*m - 17. Let g(p) = 4*k(p) + 9*v(p). What is the units digit of g(-8)?
9
Suppose 2*a + 0*a - 3 = -5*f, -3*f = a - 1. Suppose -5*x - a*m + 243 = -75, 4*m = x - 78. What is the units digit of x?
6
Let c be 5/(-15) + 178/(-6). What is the units digit of c*(4/(-14) - (-34)/(-28))?
5
Let a be ((-3)/(-15)*-8)/((-20)/50). Let f be (-108 - 0)/(6/(-4)). Suppose 5*r + a*i - 217 + f = 0, -4*i = 4*r - 112. What is the units digit of r?
3
Suppose -k - k - 136 = 4*h, -5*h = -3*k - 226. Let v = k + 75. What is the units digit of v?
3
Let o = 297 + -165. What is the tens digit of o?
3
Let h(f) = -2*f**2 - 75*f + 30. What is the hundreds digit of h(-22)?
7
What is the units digit of (-4 - -4) + (110 + -3)*4?
8
What is the units digit of 11988/72 - (-2)/4?
7
Let h be 2/3 - 10/(-3). Let g be (-522)/24 - (-3)/h. Let o = -15 - g. What is the units digit of o?
6
Let p(i) = -165*i - 45. What is the hundreds digit of p(-30)?
9
Suppose 0 = -2*f - 3*n + 93, -4*n - 267 = -5*f - 0*n. Suppose 171 = 5*z + f. Suppose a + 3*a + 5*b = -16, -5*b = -4*a + z. What is the units digit of a?
1
Let w = 0 - 57. Let r be 21 - -4*2/(-5 + 1). Let u = r - w. What is the unit